visor of 2204 and 663711458.
1102
What is the highest common factor of 47287176 and 12736?
1592
What is the highest common factor of 2388 and 8058348?
12
What is the highest common divisor of 1534239 and 5439?
147
What is the highest common factor of 13 and 957778887?
13
Calculate the highest common divisor of 49350 and 144075.
75
Calculate the highest common divisor of 211279222 and 770.
154
Calculate the greatest common factor of 12757563 and 268065.
2331
Calculate the greatest common divisor of 17595 and 487033.
17
What is the highest common factor of 12396538 and 36764?
1414
What is the highest common factor of 21226590 and 39270?
2310
What is the highest common factor of 184262 and 27229?
373
Calculate the greatest common factor of 19365235 and 350672.
3131
What is the highest common divisor of 2952 and 42388956?
36
What is the highest common divisor of 48510 and 227430?
630
What is the highest common divisor of 53827 and 24985?
19
Calculate the highest common divisor of 1039 and 6077111.
1039
Calculate the highest common divisor of 7550 and 163884830.
1510
Calculate the greatest common divisor of 71676855 and 529.
529
What is the highest common divisor of 595604 and 854?
122
Calculate the highest common divisor of 14664168 and 12.
12
What is the highest common factor of 614411 and 196?
49
Calculate the greatest common divisor of 2200 and 4546652.
44
Calculate the highest common factor of 45976061 and 101953.
2371
Calculate the greatest common factor of 189 and 2070009.
27
What is the greatest common factor of 467058 and 139536?
1938
What is the highest common divisor of 3 and 528621?
3
What is the highest common divisor of 26620518 and 78?
6
What is the greatest common divisor of 25249 and 605213?
7
What is the greatest common divisor of 590798 and 22?
2
Calculate the greatest common divisor of 160747 and 412351.
6989
Calculate the highest common factor of 32710032 and 288.
144
What is the greatest common factor of 303031 and 1482437?
779
What is the greatest common factor of 304441645 and 6730?
3365
What is the greatest common factor of 12224 and 249446?
382
What is the greatest common factor of 1535578 and 18467?
313
Calculate the greatest common divisor of 62790 and 6483470.
1610
Calculate the highest common divisor of 2820 and 26410569.
141
Calculate the highest common divisor of 45700 and 61406176.
1828
Calculate the highest common divisor of 8401 and 15779.
31
What is the highest common factor of 10570 and 125230?
70
Calculate the greatest common divisor of 44890608 and 61712.
3248
What is the greatest common factor of 5752 and 60328?
8
Calculate the highest common factor of 1000 and 54664.
8
What is the greatest common factor of 10600 and 12133025?
1325
Calculate the greatest common factor of 309757389 and 314.
157
What is the greatest common divisor of 573 and 3492626?
191
Calculate the highest common factor of 223562955 and 2706.
1353
Calculate the greatest common divisor of 84 and 74284644.
84
Calculate the greatest common divisor of 292177816 and 16.
8
What is the highest common factor of 88 and 29776329?
11
What is the greatest common divisor of 1204157 and 33777?
139
What is the greatest common divisor of 75 and 46975035?
15
Calculate the greatest common divisor of 510 and 30572680.
10
Calculate the highest common factor of 2816 and 4394984.
88
Calculate the highest common divisor of 20164 and 1075792.
284
Calculate the highest common factor of 24 and 207985960.
8
What is the highest common factor of 40109271 and 3959?
107
Calculate the greatest common divisor of 1786 and 4112312.
94
What is the greatest common factor of 209056 and 4906048?
1504
Calculate the highest common factor of 2454669 and 14.
7
What is the greatest common factor of 1309806904 and 564?
188
What is the greatest common factor of 1808759084 and 19518?
6506
What is the greatest common factor of 1488410 and 79310?
770
Calculate the greatest common factor of 19306 and 74082638.
2758
What is the greatest common divisor of 12420 and 35038890?
2070
What is the highest common divisor of 15 and 1366056885?
15
What is the greatest common divisor of 104027409 and 58619?
5329
What is the greatest common factor of 633 and 1930017?
633
Calculate the greatest common divisor of 384849360 and 1215.
135
What is the highest common divisor of 342 and 5878962?
18
What is the greatest common divisor of 1386 and 271782?
126
What is the greatest common factor of 312 and 6792344?
104
What is the highest common divisor of 63814780 and 320?
20
What is the greatest common factor of 4230632 and 11935?
217
What is the greatest common factor of 82 and 165825238?
82
Calculate the greatest common factor of 82255 and 155.
5
Calculate the highest common factor of 670474 and 66958542.
8078
Calculate the greatest common factor of 7950 and 1271470.
530
What is the greatest common factor of 1195916 and 600412?
1636
What is the highest common factor of 1863 and 8923149?
621
Calculate the highest common divisor of 174731 and 3922834.
2461
What is the greatest common factor of 35034059 and 9129?
3043
What is the highest common factor of 485 and 2150921650?
485
What is the highest common factor of 25 and 74438525?
25
What is the highest common divisor of 20696 and 5704136?
1592
What is the greatest common divisor of 152731 and 20049?
163
What is the highest common factor of 4032 and 135594?
18
Calculate the highest common factor of 18350 and 2385.
5
Calculate the highest common factor of 15995406 and 7602.
42
Calculate the highest common divisor of 71435 and 293995.
65
Calculate the greatest common divisor of 25 and 5811485.
5
What is the greatest common factor of 261 and 39480310?
29
Calculate the greatest common factor of 233387 and 1176461.
4763
What is the highest common factor of 11260442 and 104034?
4954
What is the greatest common factor of 10260642 and 336?
42
What is the highest common divisor of 3855 and 12944319?
771
What is the highest common divisor of 637 and 350329?
7
What is the greatest common divisor of 20539 and 787474?
437
What is the highest common divisor of 46648 and 40344?
8
Calculate the highest common factor of 7908807 and 938505.
5073
Calculate the greatest common factor of 1392 and 456048.
48
Calculate the greatest common factor of 165200 and 94955.
35
Calculate the highest common factor of 128034 and 11094.
6
What is the greatest common divisor of 1431 and 34233894?
27
What is the greatest common divisor of 22900 and 1052026?
458
Calculate the highest common divisor of 17748470 and 722.
38
Calculate the greatest common factor of 678 and 5075712.
6
Calculate the greatest common factor of 1122 and 67607232.
1122
What is the highest common divisor of 922939 and 758251?
3431
Calculate the highest common factor of 8816 and 542.
2
Calculate the greatest common divisor of 561 and 58923258.
51
What is the highest common factor of 392524 and 634202?
1622
What is the greatest common divisor of 210 and 2673345?
15
Calculate the greatest common divisor of 59217184 and 16.
16
What is the highest common factor of 1434877 and 5658533?
3239
What is the greatest common factor of 4125144 and 216?
24
What is the greatest common factor of 1039321378 and 46?
46
What is the greatest common factor of 3850355 and 620?
155
Calculate the greatest common divisor of 260868 and 216.
12
Calculate the highest common factor of 120 and 22332360.
120
Calculate the greatest common factor of 2440 and 4406945.
305
What is the highest common divisor of 114 and 44814806?
38
What is the highest common factor of 37074859 and 281?
281
What is the highest common divisor of 184 and 2106616?
184
Calculate the highest common divisor of 1384 and 2699408268.
692
Calculate the highest common factor of 19043 and 33839.
137
Calculate the highest common divisor of 136090 and 77948840.
4390
What is the highest common factor of 210220 and 25852?
92
Calculate the greatest common divisor of 2695 and 843458.
77
What is the highest common divisor of 31487 and 135963419?
851
What is the greatest common divisor of 3792 and 118960728?
1896
Calculate the greatest common factor of 310063 and 1269593.
793
Calculate the highest common factor of 1147727 and 3176.
397
Calculate the highest common factor of 8 and 31487808.
8
What